d - 4 = -t + j. Let p be (-2740)/(-16) + 4/(-16). Calculate the highest common divisor of t and p.
19
Suppose -33 = -d - 7. Let b be (-9 - (-25)/15)*((-686)/14 + 10). What is the highest common divisor of d and b?
26
Let c = 54 - -2. Let g(i) = 6*i**2 - 121*i + 706. Let v be g(6). Calculate the greatest common divisor of v and c.
28
Let b(l) = -10*l**3 + 4*l**2 + 4*l + 2. Suppose -3*o = -89 + 92. Let t be b(o). Calculate the greatest common divisor of 108 and t.
12
Let j be 1*-1 - 11/(66/513)*-6. Calculate the highest common divisor of 4 and j.
4
Suppose 23*a + 14784 - 148690 = 0. Calculate the greatest common divisor of 82 and a.
82
Suppose 0*k + 5754 - 918 = 124*k. What is the greatest common divisor of k and 9789?
39
Let s be 1032/(-48)*-2*5. Suppose 0 = -125*z + 130*z - s. What is the greatest common divisor of z and 129?
43
Suppose 0 = w - 3*c - 134, 3*w - 581 = -w - 3*c. Let q = -138 + w. Calculate the greatest common divisor of 35 and q.
5
Suppose -26*c - 857 + 883 = 0. Let b be (-3)/(-3) + 12/3. Suppose 0*z - 5*z = 3*t + 5, 0 = t + b. Calculate the greatest common divisor of z and c.
1
Suppose 2 - 10 = 4*x, 2*r - 250 = 5*x. Suppose -2*c + 4*g + 612 = 0, -3*g + 4*g + 1803 = 6*c. Calculate the highest common divisor of r and c.
60
Let n(b) = 11*b**3 - 3*b**2 + 3*b + 1. Let a be n(3). Let v(f) = -f**2 + 38*f + 1678. Let h be v(64). What is the highest common divisor of a and h?
14
Let w(x) = -x**3 + x**2 + 6*x - 7. Let m be w(3). Let l(o) = -3*o - 5*o + 7 - 19. Let y be l(m). Calculate the highest common divisor of y and 110.
22
Let p = 77 - 44. Suppose 0 = 13*h - p - 19. Let w be (1*h)/((-11)/(-44)). Calculate the greatest common factor of 64 and w.
16
Suppose -c + 69 = 2*y, -4*c = 3*y - 121 + 10. Let b = -5 + y. Suppose -i + 85 = 3*w, -4*w + i + 96 + 15 = 0. What is the greatest common divisor of b and w?
28
Suppose 0*h - 4*h - 12 = -4*f, h - 9 = -3*f. Suppose -f*u + 498 = 345. Calculate the greatest common factor of u and 51.
51
Let r = 1071 - 855. Calculate the greatest common divisor of r and 162.
54
Suppose 0 = -6*f + 2*f, -r = f - 39. Suppose 2052 - 3144 = -21*p. What is the greatest common divisor of r and p?
13
Let l(w) = -7*w - 79. Let g be l(15). Let b = -120 - g. What is the highest common factor of 40 and b?
8
Suppose -y = 7*k - 9479, 28590 = 3*y - 27*k + 31*k. Calculate the highest common factor of 78 and y.
26
Suppose -j = -3*u - 147, -5*u + 1 - 21 = 0. Calculate the greatest common divisor of j and 1665.
45
Let l(t) = 244*t - 1. Let s be l(4). Suppose -19*x = -4*x - s. Calculate the highest common divisor of x and 13.
13
Let p(w) = 26*w**2 + 12*w - 15. Let d be p(1). Suppose -6*a + d = -49. Let q = -8 + 20. What is the highest common divisor of q and a?
12
Let h(u) = -11*u - 13. Let s be h(-4). Let i = s - 29. Suppose i*y - 12 = -n + 14, 3*n - 6 = 0. Calculate the highest common divisor of 48 and y.
12
Suppose -22*r = -17*r + 19 - 119. Calculate the highest common divisor of 9340 and r.
20
Suppose 121605 = 257*d + 106*d. Calculate the highest common divisor of d and 13735.
335
Suppose 1104*d = 1112*d - 4816. Calculate the highest common divisor of 126 and d.
14
Suppose 7*a - 4*a = 4*g + 950, 0 = -4*g + 53 - 37. Let w = 98 - 70. Calculate the greatest common factor of w and a.
14
Let f be 8 - (-1 + -921 - (-153)/(-17)). What is the highest common divisor of 10642 and f?
313
Suppose 70*w - 9800 = 42*w. Let n be -3 - (30/(-2) - 2). Calculate the highest common factor of w and n.
14
Let u(g) = -21*g + 10. Let a be u(-2). Let s = a - 49. What is the highest common factor of s and 39?
3
Suppose -2*q + x + 7 = 0, -x - 9 = -10*q + 7*q. Suppose -2*h + 38 = -2*d, -5*d - q - 3 = 0. What is the greatest common divisor of h and 45?
9
Let r be -1*(-4)/(-2)*15/30. Let b be (r - (-40)/16)*10. Let n(y) = -5*y. Let z be n(-1). Calculate the greatest common factor of b and z.
5
Suppose 38*p - 8970 - 32746 = 13840. What is the greatest common divisor of p and 129?
43
Let h(l) = -l**3 - 9*l**2 - 6*l + 49. Let p be h(-10). Calculate the highest common divisor of p and 285.
19
Let m(v) = 3*v**3 + 10*v**2 + 185*v - 365. Let l be m(2). Let z(b) = -277*b**3 - 2*b**2 + 1. Let c be z(-1). Calculate the greatest common factor of c and l.
69
Let c = 772 - 538. Suppose d + 18 = -0*d. Let v = d + 44. What is the greatest common factor of v and c?
26
Let t = 40 - 27. Let k(u) = u**2 - 7*u - 102. Let n be k(14). Let i be (11/n + 3)*52. What is the greatest common factor of t and i?
13
Suppose 90*y = 333*y - 39366. What is the highest common divisor of 666 and y?
18
Suppose 1875*u - 223 = -y + 1879*u, 3*u = 3*y - 633. What is the highest common divisor of 306 and y?
9
Suppose 5*v - 3*j - 518 = -255, 0 = -5*v - 5*j + 295. Calculate the highest common divisor of 407 and v.
11
Suppose -2*a = -4*a + 490. Let l be (-20)/(-2)*14/4 - (-431 - -431). What is the greatest common factor of a and l?
35
Suppose -2182 = 32*f - 15046. What is the greatest common factor of 134 and f?
134
Let g be 45/(-9)*6/(-5). Suppose 0 = -g*y + 2*y - 24. Let c be y/(-27) + 151/9. What is the highest common divisor of 119 and c?
17
Suppose 0 = 289*o - 28*o + 358*o - 4952. Let k(a) = a**2 + a. Let b be k(4). What is the greatest common divisor of b and o?
4
Let t(o) = -5*o + 19. Let j be t(5). Let u be 20 - j*(-4)/8. Suppose -5*q + 37 = d, -6*d + 5*q = -10*d + 88. What is the greatest common divisor of u and d?
17
Let z(o) = -o**3 - 4*o**2 - 6*o + 4. Suppose 5*h - 7 = -37. Let g be z(h). Calculate the highest common factor of 28 and g.
28
Let m = 4909 - 4903. What is the highest common factor of 2766 and m?
6
Let h = 13 + -6. Suppose -2*x = -h*x + 350. Suppose 63*l - 1176 - 266 = -40*l. Calculate the highest common factor of l and x.
14
Let z(m) = 29*m - 1053. Let k be z(38). What is the greatest common factor of 2009 and k?
49
Suppose -n + 17 = 4*n + 4*t, -3*n - 2*t + 11 = 0. Suppose 0 = -0*i + 3*i - 3*z - 87, -n*z - 77 = -3*i. Calculate the highest common divisor of 119 and i.
17
Let k = 3449 + -3153. What is the highest common factor of k and 1406?
74
Let g = -2 + 7. Let l be ((-6)/(-9))/((-10)/(-375)). Calculate the greatest common factor of g and l.
5
Suppose -30*c = -1108 - 872. Calculate the greatest common divisor of 60 and c.
6
Suppose -6*h + 0*h - 6*h + 115416 = 0. Calculate the highest common divisor of 42 and h.
42
Suppose 63*p + 156 = 102*p. Let t be -1 + 0 + (5 - 2). Suppose p*u + t*y - 22 = -3*y, -u = -5*y - 18. Calculate the highest common divisor of 8 and u.
8
Suppose -1114*r + 1109*r + 600 = 0. Suppose 3*d + r = 444. What is the greatest common divisor of d and 27?
27
Suppose 8*f = 35 + 133. Suppose -26*j + f*j + 10 = 0. Calculate the highest common factor of 18 and j.
2
Suppose 2*m = 3*a - 259 + 1186, 0 = -a - 4*m - 323. Let n = a - -342. Calculate the highest common factor of 279 and n.
31
Let b(k) = -225*k + 7902. Let v be b(35). What is the greatest common divisor of v and 41634?
27
Let r = -26 + 57. Let v = r - 16. What is the highest common divisor of 390 and v?
15
Let y(t) = t + 63. Let v be y(0). Suppose 0*w - w + 44 = l, -4*l - 136 = -4*w. Suppose 11*x - 159 = w. Calculate the greatest common divisor of v and x.
9
Suppose r - 302 = s, 207*r = 211*r + 5*s - 1244. What is the greatest common divisor of 238 and r?
34
Let l be -40*(-3)/8 - -3000. What is the greatest common factor of l and 45?
45
Let j be -73 - 7*(-8)/(-28). Let v be ((-95)/(-15) - 7)*j. Calculate the greatest common factor of 675 and v.
25
Let y(o) = 3*o**2 + 21*o + 31. Let v be y(-15). What is the greatest common divisor of v and 187?
17
Suppose -1 = -5*b + 4. Suppose -4*d - 17 = -s, s - 151 + 46 = -4*d. Calculate the greatest common factor of b and s.
1
Let q be (1500 - 18)/(8/24 - 0). What is the greatest common factor of 221 and q?
13
Let b(s) = s**3 + 18*s**2 + 31*s - 14. Suppose 4*f - 2*z = -54 - 10, -z = f + 16. Let t be b(f). What is the greatest common divisor of t and 7?
1
Suppose 3*q + 12 = 0, -4*q - 28 = -3*g - 0*q. Suppose -20 = 5*m, -5*m + 100 = g*f - 10*m. Calculate the greatest common factor of 180 and f.
20
Let u = -18351 + 18589. What is the greatest common divisor of 4403 and u?
119
Let g(m) = m**3 + 71*m**2 - 151*m - 277. Let c be g(-73). Calculate the greatest common divis